{"id":129,"date":"2014-09-11T10:08:12","date_gmt":"2014-09-11T08:08:12","guid":{"rendered":"http:\/\/sp2.sierpc.pl\/wordpress\/?page_id=129"},"modified":"2020-08-03T17:24:04","modified_gmt":"2020-08-03T15:24:04","slug":"tygodniowy-plan-lekcji","status":"publish","type":"page","link":"https:\/\/sp2.sierpc.pl\/wordpress\/tygodniowy-plan-lekcji\/","title":{"rendered":"Zwi\u0105zek HARCERSTWA Polskiego"},"content":{"rendered":"<h3><span style=\"color: #339966;\"><a href=\"http:\/\/sp2.sierpc.pl\/wordpress\/wp-content\/uploads\/2014\/09\/zhp.png\"><img loading=\"lazy\" decoding=\"async\" class=\"wp-image-856 aligncenter\" src=\"http:\/\/sp2.sierpc.pl\/wordpress\/wp-content\/uploads\/2014\/09\/zhp.png\" alt=\"zhp\" width=\"77\" height=\"95\" \/><\/a><\/span><\/h3>\n<h3 style=\"text-align: center;\">Zwi\u0105zek Harcerstwa Polskiego<\/h3>\n<p>&nbsp;<\/p>\n<h5 style=\"text-align: center;\"><a href=\"http:\/\/sp2.sierpc.pl\/wordpress\/wp-content\/uploads\/2014\/09\/116-e1426612563936.jpg\"><img loading=\"lazy\" decoding=\"async\" class=\"wp-image-5924\" src=\"http:\/\/sp2.sierpc.pl\/wordpress\/wp-content\/uploads\/2014\/09\/116-e1426612563936-300x203.jpg\" alt=\"1\" width=\"396\" height=\"268\" srcset=\"https:\/\/sp2.sierpc.pl\/wordpress\/wp-content\/uploads\/2014\/09\/116-e1426612563936-300x203.jpg 300w, https:\/\/sp2.sierpc.pl\/wordpress\/wp-content\/uploads\/2014\/09\/116-e1426612563936.jpg 762w\" sizes=\"auto, (max-width: 396px) 100vw, 396px\" \/><\/a><\/h5>\n<h5 style=\"text-align: justify;\">W Szkole Podstawowej nr 2 w Sierpcu dzia\u0142a dru\u017cyna harcerska i zuchowa. Harcerze nale\u017c\u0105 do 1 DH im. Szarych Szereg\u00f3w, natomiast zuchy tworz\u0105 1 GZ U\u015bmiechni\u0119te S\u0142oneczka.Cz\u0142onkami ZHP opiekuj\u0105 si\u0119 phm. Agata Urba\u0144ska i dh. Ewelina Ko\u015bmider. Zbi\u00f3rki harcerskie w roku szkolnym 2016\/2017 odbywaj\u0105 si\u0119 w czwartki w szkole oraz w terenie. Zuchy spotykaj\u0105 si\u0119 ze swoj\u0105 zuchmistrzyni\u0105 druhn\u0105 Ewelin\u0105 r\u00f3wnie\u017c w szkole.<\/h5>\n<h5 style=\"text-align: justify;\">Zuchy i harcerze regularnie uczestnicz\u0105 w zadaniach programowych proponowanych przez Komend\u0119 Hufca ZHP w Sierpcu. W roku harcerskim 2016\/2017 1 GZ U\u015bmiechni\u0119te S\u0142oneczka wznowi\u0142a sw\u0105 dzia\u0142alno\u015b\u0107, natomiast harcerze z 1 DH im. Szarych Szereg\u00f3w realizuj\u0105c zadania programowe zdobyli III miejsce w kat. dru\u017cyn harcerskich.<\/h5>\n<p>&nbsp;<\/p>\n<p style=\"text-align: center;\"><a href=\"http:\/\/sp2.sierpc.pl\/wordpress\/wp-content\/uploads\/2014\/09\/DSCF2619.jpg\"><img loading=\"lazy\" decoding=\"async\" class=\"aligncenter wp-image-860 size-medium\" title=\"Zuchy i harcerze podczas obozu szkoleniowego - S\u0142upia 2013\" src=\"http:\/\/sp2.sierpc.pl\/wordpress\/wp-content\/uploads\/2014\/09\/DSCF2619-300x225.jpg\" alt=\"\" width=\"300\" height=\"225\" srcset=\"https:\/\/sp2.sierpc.pl\/wordpress\/wp-content\/uploads\/2014\/09\/DSCF2619-300x225.jpg 300w, https:\/\/sp2.sierpc.pl\/wordpress\/wp-content\/uploads\/2014\/09\/DSCF2619.jpg 720w\" sizes=\"auto, (max-width: 300px) 100vw, 300px\" \/><\/a><strong>Zuchy i harcerze podczas obozu szkoleniowego na stanicy Nasz dom w S\u0142upi<\/strong><\/p>\n<h5 style=\"text-align: justify;\">Na terenie powiatu sierpeckiego dzia\u0142a 12 dru\u017cyn zuchowych, 7 harcerskich i 5 starszoharcerskich.<\/h5>\n<p>&nbsp;<\/p>\n<hr \/>\n<p>&nbsp;<\/p>\n<h4 style=\"text-align: center;\"><span style=\"text-decoration: underline;\"><span style=\"color: #339966; text-decoration: underline;\">Rajd harcerski &#8220;My z niego wszyscy&#8230;&#8221;<\/span><\/span><\/h4>\n<h5 style=\"text-align: justify;\"><span style=\"color: #339966;\">W sobot\u0119 27 wrze\u015bnia harcerze 1 dh. uczestniczyli w rajdzie harcerskim &#8221; My z niego wszyscy&#8230;&#8221; w 75 rocznic\u0119 utworzenia Polskiego Pa\u0144stwa Podziem<\/span><span style=\"color: #339966;\">nego.<\/span><\/h5>\n<p>&nbsp;<\/p>\n<h5 style=\"text-align: justify;\"><a href=\"http:\/\/sp2.sierpc.pl\/wordpress\/wp-content\/uploads\/2014\/09\/pppodz.jpeg\"><img loading=\"lazy\" decoding=\"async\" class=\"size-full wp-image-857 aligncenter\" src=\"http:\/\/sp2.sierpc.pl\/wordpress\/wp-content\/uploads\/2014\/09\/pppodz.jpeg\" alt=\"pppodz\" width=\"259\" height=\"194\" \/><\/a><\/h5>\n<h5 style=\"text-align: justify;\">W rajdzie uczestniczy\u0142o 9 dru\u017cyn harcerskich i starszoharcerskich. Trasa liczy\u0142a 8 km i przebiega\u0142a z Gozdowa do Lelic. W czasie przej\u015bcia harcerze mieli do wykonania zadania na 6 punktach kontrolnych. Wszystkie by\u0142y niezwykle atrakcyjne, ale nam najbardziej podoba\u0142y si\u0119\u00a0 zadania z szyfr\u00f3w, \u0142\u0105czno\u015bci, samarytanki i strzelanie z wiatr\u00f3wki. Micha\u0142 i Piotrek wykazali si\u0119 celno\u015bci\u0105 i tam zdobyli\u015bmy maksymaln\u0105 liczb\u0119 punkt\u00f3w. Rajd zako\u0144czy\u0142 si\u0119 harcersk\u0105 groch\u00f3wk\u0105. Ka\u017cdy uczestnik otrzyma\u0142 pami\u0105tkowy buton, dyplom i niezapominajk\u0119.<\/h5>\n<p style=\"text-align: right;\"><a href=\"http:\/\/sp2.sierpc.pl\/wordpress\/wp-content\/uploads\/2014\/09\/DSC02367-e1411838154522.jpg\"><img loading=\"lazy\" decoding=\"async\" class=\"alignleft size-thumbnail wp-image-900\" src=\"http:\/\/sp2.sierpc.pl\/wordpress\/wp-content\/uploads\/2014\/09\/DSC02367-150x150.jpg\" alt=\"DSC02367\" width=\"150\" height=\"150\" \/><\/a><a href=\"http:\/\/sp2.sierpc.pl\/wordpress\/wp-content\/uploads\/2014\/09\/DSC02384-e1411838701314.jpg\"><img loading=\"lazy\" decoding=\"async\" class=\"alignleft size-thumbnail wp-image-912\" src=\"http:\/\/sp2.sierpc.pl\/wordpress\/wp-content\/uploads\/2014\/09\/DSC02384-150x150.jpg\" alt=\"DSC02384\" width=\"150\" height=\"150\" \/><\/a><a href=\"http:\/\/sp2.sierpc.pl\/wordpress\/wp-content\/uploads\/2014\/09\/DSC02385-e1411838740753.jpg\"><img loading=\"lazy\" decoding=\"async\" class=\"alignleft size-thumbnail wp-image-913\" src=\"http:\/\/sp2.sierpc.pl\/wordpress\/wp-content\/uploads\/2014\/09\/DSC02385-150x150.jpg\" alt=\"DSC02385\" width=\"150\" height=\"150\" \/><\/a><a href=\"http:\/\/sp2.sierpc.pl\/wordpress\/wp-content\/uploads\/2014\/09\/DSC02366-e1411838062249.jpg\"><img loading=\"lazy\" decoding=\"async\" class=\"size-thumbnail wp-image-899 alignleft\" src=\"http:\/\/sp2.sierpc.pl\/wordpress\/wp-content\/uploads\/2014\/09\/DSC02366-150x150.jpg\" alt=\"DSC02366\" width=\"150\" height=\"150\" \/><\/a><\/p>\n","protected":false},"excerpt":{"rendered":"<p>Zwi\u0105zek Harcerstwa Polskiego &nbsp; W Szkole Podstawowej nr 2 w Sierpcu dzia\u0142a dru\u017cyna harcerska i zuchowa. Harcerze nale\u017c\u0105 do 1 DH im. Szarych Szereg\u00f3w, natomiast zuchy tworz\u0105 1 GZ U\u015bmiechni\u0119te S\u0142oneczka.Cz\u0142onkami ZHP opiekuj\u0105 si\u0119 phm. Agata Urba\u0144ska i dh. Ewelina Ko\u015bmider. Zbi\u00f3rki harcerskie w roku szkolnym 2016\/2017 odbywaj\u0105 si\u0119 w czwartki w szkole oraz w [&hellip;]<\/p>\n","protected":false},"author":2,"featured_media":0,"parent":0,"menu_order":0,"comment_status":"closed","ping_status":"closed","template":"","meta":{"footnotes":""},"class_list":["post-129","page","type-page","status-publish","hentry"],"yoast_head":"<!-- This site is optimized with the Yoast SEO plugin v22.7 - https:\/\/yoast.com\/wordpress\/plugins\/seo\/ -->\n<title>Zwi\u0105zek HARCERSTWA Polskiego - SZKO\u0141A PODSTAWOWA NR 2 IM. ARMII KRAJOWEJ W SIERPCU<\/title>\n<meta name=\"robots\" content=\"index, follow, max-snippet:-1, max-image-preview:large, max-video-preview:-1\" \/>\n<link rel=\"canonical\" href=\"https:\/\/sp2.sierpc.pl\/wordpress\/tygodniowy-plan-lekcji\/\" \/>\n<meta property=\"og:locale\" content=\"pl_PL\" \/>\n<meta property=\"og:type\" content=\"article\" \/>\n<meta property=\"og:title\" content=\"Zwi\u0105zek HARCERSTWA Polskiego - SZKO\u0141A PODSTAWOWA NR 2 IM. ARMII KRAJOWEJ W SIERPCU\" \/>\n<meta property=\"og:description\" content=\"Zwi\u0105zek Harcerstwa Polskiego &nbsp; W Szkole Podstawowej nr 2 w Sierpcu dzia\u0142a dru\u017cyna harcerska i zuchowa. Harcerze nale\u017c\u0105 do 1 DH im. Szarych Szereg\u00f3w, natomiast zuchy tworz\u0105 1 GZ U\u015bmiechni\u0119te S\u0142oneczka.Cz\u0142onkami ZHP opiekuj\u0105 si\u0119 phm. Agata Urba\u0144ska i dh. Ewelina Ko\u015bmider. Zbi\u00f3rki harcerskie w roku szkolnym 2016\/2017 odbywaj\u0105 si\u0119 w czwartki w szkole oraz w [&hellip;]\" \/>\n<meta property=\"og:url\" content=\"https:\/\/sp2.sierpc.pl\/wordpress\/tygodniowy-plan-lekcji\/\" \/>\n<meta property=\"og:site_name\" content=\"SZKO\u0141A PODSTAWOWA NR 2 IM. ARMII KRAJOWEJ W SIERPCU\" \/>\n<meta property=\"article:modified_time\" content=\"2020-08-03T15:24:04+00:00\" \/>\n<meta property=\"og:image\" content=\"http:\/\/sp2.sierpc.pl\/wordpress\/wp-content\/uploads\/2014\/09\/zhp.png\" \/>\n<meta name=\"twitter:card\" content=\"summary_large_image\" \/>\n<meta name=\"twitter:label1\" content=\"Szacowany czas czytania\" \/>\n\t<meta name=\"twitter:data1\" content=\"1 minuta\" \/>\n<script type=\"application\/ld+json\" class=\"yoast-schema-graph\">{\"@context\":\"https:\/\/schema.org\",\"@graph\":[{\"@type\":\"WebPage\",\"@id\":\"https:\/\/sp2.sierpc.pl\/wordpress\/tygodniowy-plan-lekcji\/\",\"url\":\"https:\/\/sp2.sierpc.pl\/wordpress\/tygodniowy-plan-lekcji\/\",\"name\":\"Zwi\u0105zek HARCERSTWA Polskiego - SZKO\u0141A PODSTAWOWA NR 2 IM. ARMII KRAJOWEJ W SIERPCU\",\"isPartOf\":{\"@id\":\"https:\/\/sp2.sierpc.pl\/wordpress\/#website\"},\"primaryImageOfPage\":{\"@id\":\"https:\/\/sp2.sierpc.pl\/wordpress\/tygodniowy-plan-lekcji\/#primaryimage\"},\"image\":{\"@id\":\"https:\/\/sp2.sierpc.pl\/wordpress\/tygodniowy-plan-lekcji\/#primaryimage\"},\"thumbnailUrl\":\"http:\/\/sp2.sierpc.pl\/wordpress\/wp-content\/uploads\/2014\/09\/zhp.png\",\"datePublished\":\"2014-09-11T08:08:12+00:00\",\"dateModified\":\"2020-08-03T15:24:04+00:00\",\"breadcrumb\":{\"@id\":\"https:\/\/sp2.sierpc.pl\/wordpress\/tygodniowy-plan-lekcji\/#breadcrumb\"},\"inLanguage\":\"pl-PL\",\"potentialAction\":[{\"@type\":\"ReadAction\",\"target\":[\"https:\/\/sp2.sierpc.pl\/wordpress\/tygodniowy-plan-lekcji\/\"]}]},{\"@type\":\"ImageObject\",\"inLanguage\":\"pl-PL\",\"@id\":\"https:\/\/sp2.sierpc.pl\/wordpress\/tygodniowy-plan-lekcji\/#primaryimage\",\"url\":\"http:\/\/sp2.sierpc.pl\/wordpress\/wp-content\/uploads\/2014\/09\/zhp.png\",\"contentUrl\":\"http:\/\/sp2.sierpc.pl\/wordpress\/wp-content\/uploads\/2014\/09\/zhp.png\"},{\"@type\":\"BreadcrumbList\",\"@id\":\"https:\/\/sp2.sierpc.pl\/wordpress\/tygodniowy-plan-lekcji\/#breadcrumb\",\"itemListElement\":[{\"@type\":\"ListItem\",\"position\":1,\"name\":\"\",\"item\":\"https:\/\/sp2.sierpc.pl\/wordpress\/\"},{\"@type\":\"ListItem\",\"position\":2,\"name\":\"Zwi\u0105zek HARCERSTWA Polskiego\"}]},{\"@type\":\"WebSite\",\"@id\":\"https:\/\/sp2.sierpc.pl\/wordpress\/#website\",\"url\":\"https:\/\/sp2.sierpc.pl\/wordpress\/\",\"name\":\"SZKO\u0141A PODSTAWOWA NR 2 IM. ARMII KRAJOWEJ W SIERPCU\",\"description\":\"\",\"potentialAction\":[{\"@type\":\"SearchAction\",\"target\":{\"@type\":\"EntryPoint\",\"urlTemplate\":\"https:\/\/sp2.sierpc.pl\/wordpress\/?s={search_term_string}\"},\"query-input\":\"required name=search_term_string\"}],\"inLanguage\":\"pl-PL\"}]}<\/script>\n<!-- \/ Yoast SEO plugin. -->","yoast_head_json":{"title":"Zwi\u0105zek HARCERSTWA Polskiego - SZKO\u0141A PODSTAWOWA NR 2 IM. ARMII KRAJOWEJ W SIERPCU","robots":{"index":"index","follow":"follow","max-snippet":"max-snippet:-1","max-image-preview":"max-image-preview:large","max-video-preview":"max-video-preview:-1"},"canonical":"https:\/\/sp2.sierpc.pl\/wordpress\/tygodniowy-plan-lekcji\/","og_locale":"pl_PL","og_type":"article","og_title":"Zwi\u0105zek HARCERSTWA Polskiego - SZKO\u0141A PODSTAWOWA NR 2 IM. ARMII KRAJOWEJ W SIERPCU","og_description":"Zwi\u0105zek Harcerstwa Polskiego &nbsp; W Szkole Podstawowej nr 2 w Sierpcu dzia\u0142a dru\u017cyna harcerska i zuchowa. Harcerze nale\u017c\u0105 do 1 DH im. Szarych Szereg\u00f3w, natomiast zuchy tworz\u0105 1 GZ U\u015bmiechni\u0119te S\u0142oneczka.Cz\u0142onkami ZHP opiekuj\u0105 si\u0119 phm. Agata Urba\u0144ska i dh. Ewelina Ko\u015bmider. Zbi\u00f3rki harcerskie w roku szkolnym 2016\/2017 odbywaj\u0105 si\u0119 w czwartki w szkole oraz w [&hellip;]","og_url":"https:\/\/sp2.sierpc.pl\/wordpress\/tygodniowy-plan-lekcji\/","og_site_name":"SZKO\u0141A PODSTAWOWA NR 2 IM. ARMII KRAJOWEJ W SIERPCU","article_modified_time":"2020-08-03T15:24:04+00:00","og_image":[{"url":"http:\/\/sp2.sierpc.pl\/wordpress\/wp-content\/uploads\/2014\/09\/zhp.png"}],"twitter_card":"summary_large_image","twitter_misc":{"Szacowany czas czytania":"1 minuta"},"schema":{"@context":"https:\/\/schema.org","@graph":[{"@type":"WebPage","@id":"https:\/\/sp2.sierpc.pl\/wordpress\/tygodniowy-plan-lekcji\/","url":"https:\/\/sp2.sierpc.pl\/wordpress\/tygodniowy-plan-lekcji\/","name":"Zwi\u0105zek HARCERSTWA Polskiego - SZKO\u0141A PODSTAWOWA NR 2 IM. ARMII KRAJOWEJ W SIERPCU","isPartOf":{"@id":"https:\/\/sp2.sierpc.pl\/wordpress\/#website"},"primaryImageOfPage":{"@id":"https:\/\/sp2.sierpc.pl\/wordpress\/tygodniowy-plan-lekcji\/#primaryimage"},"image":{"@id":"https:\/\/sp2.sierpc.pl\/wordpress\/tygodniowy-plan-lekcji\/#primaryimage"},"thumbnailUrl":"http:\/\/sp2.sierpc.pl\/wordpress\/wp-content\/uploads\/2014\/09\/zhp.png","datePublished":"2014-09-11T08:08:12+00:00","dateModified":"2020-08-03T15:24:04+00:00","breadcrumb":{"@id":"https:\/\/sp2.sierpc.pl\/wordpress\/tygodniowy-plan-lekcji\/#breadcrumb"},"inLanguage":"pl-PL","potentialAction":[{"@type":"ReadAction","target":["https:\/\/sp2.sierpc.pl\/wordpress\/tygodniowy-plan-lekcji\/"]}]},{"@type":"ImageObject","inLanguage":"pl-PL","@id":"https:\/\/sp2.sierpc.pl\/wordpress\/tygodniowy-plan-lekcji\/#primaryimage","url":"http:\/\/sp2.sierpc.pl\/wordpress\/wp-content\/uploads\/2014\/09\/zhp.png","contentUrl":"http:\/\/sp2.sierpc.pl\/wordpress\/wp-content\/uploads\/2014\/09\/zhp.png"},{"@type":"BreadcrumbList","@id":"https:\/\/sp2.sierpc.pl\/wordpress\/tygodniowy-plan-lekcji\/#breadcrumb","itemListElement":[{"@type":"ListItem","position":1,"name":"","item":"https:\/\/sp2.sierpc.pl\/wordpress\/"},{"@type":"ListItem","position":2,"name":"Zwi\u0105zek HARCERSTWA Polskiego"}]},{"@type":"WebSite","@id":"https:\/\/sp2.sierpc.pl\/wordpress\/#website","url":"https:\/\/sp2.sierpc.pl\/wordpress\/","name":"SZKO\u0141A PODSTAWOWA NR 2 IM. ARMII KRAJOWEJ W SIERPCU","description":"","potentialAction":[{"@type":"SearchAction","target":{"@type":"EntryPoint","urlTemplate":"https:\/\/sp2.sierpc.pl\/wordpress\/?s={search_term_string}"},"query-input":"required name=search_term_string"}],"inLanguage":"pl-PL"}]}},"_links":{"self":[{"href":"https:\/\/sp2.sierpc.pl\/wordpress\/wp-json\/wp\/v2\/pages\/129","targetHints":{"allow":["GET"]}}],"collection":[{"href":"https:\/\/sp2.sierpc.pl\/wordpress\/wp-json\/wp\/v2\/pages"}],"about":[{"href":"https:\/\/sp2.sierpc.pl\/wordpress\/wp-json\/wp\/v2\/types\/page"}],"author":[{"embeddable":true,"href":"https:\/\/sp2.sierpc.pl\/wordpress\/wp-json\/wp\/v2\/users\/2"}],"replies":[{"embeddable":true,"href":"https:\/\/sp2.sierpc.pl\/wordpress\/wp-json\/wp\/v2\/comments?post=129"}],"version-history":[{"count":22,"href":"https:\/\/sp2.sierpc.pl\/wordpress\/wp-json\/wp\/v2\/pages\/129\/revisions"}],"predecessor-version":[{"id":40893,"href":"https:\/\/sp2.sierpc.pl\/wordpress\/wp-json\/wp\/v2\/pages\/129\/revisions\/40893"}],"wp:attachment":[{"href":"https:\/\/sp2.sierpc.pl\/wordpress\/wp-json\/wp\/v2\/media?parent=129"}],"curies":[{"name":"wp","href":"https:\/\/api.w.org\/{rel}","templated":true}]}}